 -60)?
42
-2 - 6 - ((12 - (39 - 5)) + 16) - 13
-15
-64 + -62 + 15 + 22 + 20
-69
Calculate 10 + -8 + 18 + -22 - -25 - 81.
-58
(-152 - -129) + (0 - -16) + 0 + 36
29
What is the value of 8 + -10 + 10 + 9 + -11 + 7?
13
What is the value of -1 + -4 - (21 + 62 + -47 - 27)?
-14
(-69 - -64) + 1 + 3 + -9 - 8
-18
What is the value of 21 - (9 + (-23 - -1) + 4)?
30
Evaluate 229 - 172 - (98 - -11).
-52
Evaluate 0 - (69 - 13 - 51).
-5
What is 0 - (-2 - 39 - (-1 + 2)) - (8675 - 8675)?
42
What is the value of -417 - -429 - (12 + -2)?
2
Calculate 1 + 19 + (-5 - 35) + -29 + -34.
-83
Calculate -25 - (12 - 34) - (29 + 14).
-46
What is the value of -100 + 148 + -22 - (88 - -1)?
-63
Calculate -66 + -12 - -7 - (-19 - (-50 - -11)).
-91
153 + -17 + (-30 - (13 - (0 + 30)))
123
What is the value of 4 + -31 - (-32 - -9)?
-4
What is -56 + (-1 + 28 + -14 - (-1 + 11))?
-53
What is the value of (-2 - -31) + 1782 + -1817?
-6
Evaluate 37 - (-20 + -55 + -29).
141
What is (27 - (-4 + 81)) + 18?
-32
51 - 6 - (8 + -2 + 0 + -6)
45
Calculate -13 - (-37 + 20 + -7) - (1 - 20 - -3).
27
Evaluate 36 - (-70 + 75 - (-13 - -10 - (-1 - -1))).
28
Evaluate -10 + 39 + (-1 + 2 - 0) - -4.
34
Calculate -1 + -18 + 94 + -91 + 57.
41
Evaluate 9 + (5 - -44) + -14.
44
What is -5 - (0 + (-79 - -90 - (13 - -1)))?
-2
Calculate 15 + (-55 - (-24 - (-30 - -10))).
-36
(-12 + 58 + -27 - (-5 + 4)) + 115
135
What is the value of 33 - (302 - -10 - 133)?
-146
What is the value of (30 - (50 + -18 + -31)) + -19?
10
What is 3 - 26 - (111 + -4 + (11 - 8))?
-133
What is the value of 44 + (15 - 5 - 13) + -34?
7
-41 + 0 + (-1216 - -1249) - (0 - 37)
29
-167 - (-235 - -41) - (-49 + -1)
77
What is -4 + 5 + (-6 - 12) + 21 - -29?
33
-1563 - -1591 - (2 - 0) - -22
48
What is 5 - ((-2 - 8) + 126 + -111) - -19?
19
Calculate (-213 - -211) + 16 + 4 + -4 + (-3 - -12).
23
What is 14 + (120 - (8 + -14 + (6 - (-1 - 1))))?
132
Calculate -59 + (47 - (25 + -20 + 16)).
-33
Evaluate -52 - 7 - (-10 + 5 + -12).
-42
Calculate -28 + -10 + 13 + (25 - 23).
-23
What is the value of (13 - 5 - 6) + (58 - 52)?
8
What is -14 + (-1 + 10 + 3 + -16 - -18)?
0
24 - (2 + -16 + 328 + -328)
38
45 - ((-24 - -71) + -10) - -91
99
Calculate 55 + 7 + -23 + 3 - 5.
37
Evaluate 4 + 3 - (10 - 0 - 9) - -17.
23
Calculate 54 - (-159 + 67 + 167).
-21
What is 19 + 6 + -36 + 67?
56
What is (22 - -1) + -33 - (-2 + (-4 - 19) - 5)?
20
-6065 + 6106 - (0 + -6)
47
12 - ((6 - 2 - (6 - 15)) + -7)
6
-9 + 18 - 5 - (44 - 7)
-33
What is the value of (2 - 1) + -3 + (46 - (22 - 27))?
49
What is the value of -30 - ((-4 - -2 - 2) + (126 - 125) + -2)?
-25
Evaluate -5 - 23 - (-2 + 5) - (49 + -42).
-38
Calculate -28 - (-31 + -8) - -21.
32
-2 + 6 + 5 + 1 + (28 - 20)
18
Evaluate -102 + -9 + (2 - -53) + -23 - 11.
-90
What is -36 - ((-16 + 18 - 2) + -3)?
-33
What is (-4 - (0 + 0)) + (-496 - -531)?
31
What is the value of -43 + 14 + 156 + -184?
-57
Calculate (13 + 47 - 58) + 23 + -10 + (2 - 2).
15
Evaluate 42 - -42 - 56 - -16.
44
What is the value of -9 + (11 - (-5 + -8 + 15)) - 10?
-10
Evaluate (197 - (120 - 37)) + -40.
74
7 - (-34 + (13 + -22 - -15) + 1)
34
(-39 + -24 - (18 + -35)) + -19
-65
7 - 1 - (24 + 6 - 41)
17
What is 103 + (9 + (4 - 0) - 19) + 13 + -18?
92
-5 + 4 + (-40 - -24) + 20
3
Evaluate (-86 - (-57 - -8)) + (-1 - 21).
-59
What is the value of (5 + 8 - 14) + 2?
1
Calculate 2 + (14 - 8) + 0 + -2 + 62 + -39.
29
What is (15 - -85) + -36 + -12?
52
What is the value of -139 - 5 - (2 + (-32 - 1) + (78 - 59))?
-132
(16 - 2 - 149) + (0 - -4) - (-90 - -75)
-116
Calculate 6 - 140 - (6 + -18) - ((5 - -4) + -12).
-119
What is (18 - (-4 + 14)) + -81 + 9 + -2 + 1?
-65
What is the value of 3 + 93 - ((16 - (17 + -7)) + (15 - 12))?
87
Calculate (-23 - -34) + -55 - (-11 + 24).
-57
What is 1 + -16 + -6 + -17 - 25?
-63
What is (2 + 1 - (-280 - -304) - -43) + 100?
122
19 + ((-11 - -9) + -33 - -30)
14
Evaluate -16 + (-7 - -15) + 0 + -3 + 29.
18
Evaluate 107 - (13 - 14) - 128.
-20
What is -47 - (-9 - (26 - -62))?
50
What is the value of -27 + (2 - 25) + 79?
29
Calculate 20 + -21 + -10 + (6 - 5).
-10
What is the value of 28 + (18 - (-23 + 81))?
-12
Calculate (-7 - ((18 - 11 - 10) + 37)) + 2.
-39
Evaluate 76 + 1 - (-2 + 39).
40
Calculate 12 + 0 + (-68 - (18 + -13 + -21)).
-40
Calculate -206 + 110 - (10 - 49).
-57
Evaluate 56 + 1 - (-36 - (-58 - -32)).
67
Calculate 40 + -53 + -8 + -14.
-35
-30 - (7 + (50 - 54))
-33
-24 + -9 + 6 + -15
-42
Evaluate (-8 - 0) + -81 + -4 - -19 - 4.
-78
204 - 1 - (18929 + -18830)
104
Evaluate (24 - (-23 + 6 + -10 + 30)) + 52.
73
What is the value of 4 + 53 - (-18 - (-11 + (-20 - -3)))?
47
What is -17 + (2 + 8 - 16) + 21 - -37?
35
Evaluate (4 - 1) + (9 - 21) + (-28 - (-2 - -23)).
-58
Evaluate -58 - (-47 - (-22 - -44)).
11
What is 43 - (8 + 8) - 40?
-13
What is the value of (-24 - (-23 - -7)) + -10 - (-42 - -57)?
-33
(-11 + (-37 - -34) - -45) + 69
100
42 + 1 - (-498 - -564)
-23
Evaluate (7 - 17) + -2 - -22 - (-38 + (-3 - -8)).
43
49 + -138 - -46 - -27 - (-144 + -1)
129
Evaluate (14 - (-21 + 26) - (20 - 10)) + -68.
-69
Evaluate (-83 - -1) + (9 - (6 + -15 + 16)).
-80
Calculate (2 - 5) + -1 + (-85 - -81).
-8
What is the value of (-25 - (-96 - -36)) + -2 + (4 - -9)?
46
What is 32 + (-58 - (-138 - -222))?
-110
What is the value of (375 - 364) + (1 + 17 - 1)?
28
-55 + (25 - 15) + -4 + 0 + (-59 - -48)
-60
Evaluate 7 - ((-69 - -58) + 3 + 2).
13
What is the value of (-16 - (-12 - -1) - 1 - -7) + -11 - -49?
39
What is -30 - (49 + -47) - 16?
-48
Evaluate 0 - (-2 - 28) - (-7822 + 7820).
32
Calculate -15 - -11 - (-59 + 33 - -48).
-26
Evaluate -9 + (115 - 34) - 97.
-25
What is 0 + -8 + -130 + (12 - 5) + 42 + -36?
-125
(-12 - -3) + (25 - 25) + 2 + 1 + 6
0
Evaluate 11 - (29 + -17 + -54 + (9 - -3)).
41
Evaluate 16 + -89 + (-17 + (-5 - -17) - 7 - -2).
-83
What is 49 - (3 - 18 - (274 - 258))?
80
What is the value of (-4 - -13 - 8) + -6?
-5
What is 2 + 35 - (-12 - (-4 + -4 - -8))?
49
What is 59 + (-58 - -72) + -145?
-72
-34 + -32 + 60 + -26
-32
What is 58 + 31 - (151 + -90)?
28
1 + -22 + (-14 - -40)
5
78 - -28 - -12 - 54
64
What is (-74 - (-32 - 38)) + (109 - (4 + -5))?
106
Calculate 17 + 0 - (-3 - ((11 - 3) + -1)).
27
Evaluate -7 - (0 + -15 + 0 + -123 + 223 + -111).
19
Evaluate (-165 - -231) + (23 - (23 - 8)).
74
Calculate -3 + -45 + (7 + -3 - -31).
-13
What is -3 + -19 - (-50 + -2 - -61)?
-31
What is the value of (-24 - 2) + (-1 - -35) + -33 + 13 + 86?
74
-9207 + 9399 + (-70 - 1)
121
12 + -122 + 141 + -3 + -3
25
What is the value of -82 - ((17 - (15 + (12 - 29) - -15)) + -11)?
-75
What is the value of 8 + (2 - 7) + 2 + 2 + (529 - 537)?
-1
-41 + (12 + -18 - -14 - 14) + 5
-42
(0 + 11 - (-106 + 127)) + -2 + -1
-13
What is the value of -45 - (8 - (-30 + 56))?
-27
9 + (-2 - 5) - (-291 + 189)
104
What is -53 + -3 - (-425 + 411)?
-42
Evaluate 59 - ((-9 - 12 - -59) + -21).
42
Evaluate (1 - -8) + -1 + -51 + (7 + 29 - 49).
-56
Evaluate 85 + (2 - (-10 + (6 - (7 + -14)))) + 2.
86
Calculate (-320 - -353 - (2 - 0)) + -5 + 2 + 2.
30
Calculate -77 + 1 + -25 + 52 + -34 + (-6 - -18).
-71
Calculate (-2 - 3) + 147 - (104 + -125) - 10.
153
What is the value of (-21 + 36 - -2 - (24 + 2)) + 82?
73
What is 67 + (33 + -82 - -17)?
35
What is (-32 - 12 - 14) + (34 - 14)?
-38
Calculate 4 + 10 - 67 - (3 + -30).
-26
What is the value of -104 - (-9 - 117) - (26 + -2) - (-2 - 138)?
138
Evaluate 38 - ((6 - ((-6 - 10) + 11) - 20) + 0).
47
Calculate -31 - 1 - (73 + -78) - (-81 - -81).
-27
(3 - 26 - -5) + 156 + 22 + -25
135
Calculate (27 + -40 + (-3 - 11) - 6) + -2.
-35
What is (-78 + -2 - -79) + 17?
16
10 - (14 - (-2 + 7 - 11 - 26))
-36
What is (22 - 22) + (-4 + 4 + -8 - 5) + 31?
18
Calculate 47 - (8 + -28 + 54).
13
What is 73 + 62 + -57 - 64 - (0 + -1 - -29)?
-14
Evaluate -104 + 118 - (17 + -4).
1
(-6 + -4 - -12) + -4 + (-8 + -9 - 0)
-19
Evaluate 21 + 3 + -39 + -23.
-38
Evaluate 6 + -6 - (11 - (3 + -3 + -15)).
-26
Calculate -27 + 4 + (-15 - -9) + 1 + 10.
-18
Calculate (112 - (223 - 97)) + -24.
-38
Evaluate 25 + 0 - (34 - (127 + -90)).
28
Evaluate 40 - (-44 + (61 - -42)) - (-131 + 2).
110
Calculate -8 - (5 + -6 - 2 - (-7 - 9)).
-21
What is 7 + 33 - (-2 + -12 + 3 + (0 - -21))?
30
What is the value of -58 + 40 + -99 + 68?
-49
Calculate (-20 + 30 - (0 - (-10 + -3) - 11)) + 113.
121
85 + 42 - (-2 + (25 - 11) + -2)
117
What is the valu